actors of 6197.
6197
List the prime factors of 6260.
2, 5, 313
List the prime factors of 1591.
37, 43
What are the prime factors of 82973?
11, 19, 397
List the prime factors of 941.
941
What are the prime factors of 143196?
2, 3, 11933
What are the prime factors of 17399?
127, 137
List the prime factors of 33019.
7, 53, 89
List the prime factors of 1428.
2, 3, 7, 17
List the prime factors of 71267.
7, 10181
What are the prime factors of 598?
2, 13, 23
What are the prime factors of 4464?
2, 3, 31
List the prime factors of 2369.
23, 103
What are the prime factors of 4685?
5, 937
What are the prime factors of 747?
3, 83
What are the prime factors of 25614?
2, 3, 1423
What are the prime factors of 21?
3, 7
What are the prime factors of 44?
2, 11
List the prime factors of 24550.
2, 5, 491
List the prime factors of 5104.
2, 11, 29
List the prime factors of 1455.
3, 5, 97
List the prime factors of 5378.
2, 2689
What are the prime factors of 622?
2, 311
What are the prime factors of 13966?
2, 6983
What are the prime factors of 4867?
31, 157
What are the prime factors of 321?
3, 107
What are the prime factors of 69072?
2, 3, 1439
What are the prime factors of 40060?
2, 5, 2003
List the prime factors of 9229.
11, 839
List the prime factors of 1874.
2, 937
List the prime factors of 3739.
3739
List the prime factors of 28146.
2, 3, 4691
What are the prime factors of 1661?
11, 151
What are the prime factors of 834?
2, 3, 139
What are the prime factors of 4479?
3, 1493
What are the prime factors of 23598?
2, 3, 19, 23
What are the prime factors of 44?
2, 11
What are the prime factors of 102320?
2, 5, 1279
List the prime factors of 1911.
3, 7, 13
What are the prime factors of 4938?
2, 3, 823
List the prime factors of 684.
2, 3, 19
What are the prime factors of 818?
2, 409
What are the prime factors of 6235?
5, 29, 43
List the prime factors of 1455.
3, 5, 97
What are the prime factors of 3916?
2, 11, 89
What are the prime factors of 1407?
3, 7, 67
List the prime factors of 32323.
32323
What are the prime factors of 2371?
2371
List the prime factors of 907.
907
What are the prime factors of 1894?
2, 947
List the prime factors of 6107.
31, 197
List the prime factors of 60287.
19, 167
List the prime factors of 11630.
2, 5, 1163
What are the prime factors of 37441?
37441
List the prime factors of 794.
2, 397
List the prime factors of 25440.
2, 3, 5, 53
List the prime factors of 718.
2, 359
What are the prime factors of 15183?
3, 7, 241
What are the prime factors of 612?
2, 3, 17
What are the prime factors of 2178?
2, 3, 11
List the prime factors of 2910.
2, 3, 5, 97
What are the prime factors of 2146?
2, 29, 37
List the prime factors of 80407.
80407
List the prime factors of 16568.
2, 19, 109
List the prime factors of 734.
2, 367
What are the prime factors of 152?
2, 19
List the prime factors of 57722.
2, 7, 19, 31
List the prime factors of 49.
7
List the prime factors of 3568.
2, 223
List the prime factors of 18346.
2, 9173
List the prime factors of 15514.
2, 7757
What are the prime factors of 929?
929
List the prime factors of 39766.
2, 59, 337
List the prime factors of 3610.
2, 5, 19
List the prime factors of 2543.
2543
List the prime factors of 3750.
2, 3, 5
What are the prime factors of 621?
3, 23
List the prime factors of 5405.
5, 23, 47
List the prime factors of 2883.
3, 31
List the prime factors of 518.
2, 7, 37
What are the prime factors of 2220?
2, 3, 5, 37
What are the prime factors of 6454?
2, 7, 461
What are the prime factors of 1457?
31, 47
List the prime factors of 7185.
3, 5, 479
List the prime factors of 13585.
5, 11, 13, 19
List the prime factors of 50957.
50957
List the prime factors of 1257.
3, 419
What are the prime factors of 1608?
2, 3, 67
What are the prime factors of 75926?
2, 37963
List the prime factors of 2063.
2063
What are the prime factors of 95?
5, 19
What are the prime factors of 74753?
7, 59, 181
List the prime factors of 6940.
2, 5, 347
List the prime factors of 60465.
3, 5, 29, 139
List the prime factors of 12466.
2, 23, 271
What are the prime factors of 3229?
3229
What are the prime factors of 12417?
3, 4139
What are the prime factors of 2739?
3, 11, 83
List the prime factors of 3395.
5, 7, 97
What are the prime factors of 6834?
2, 3, 17, 67
What are the prime factors of 201?
3, 67
List the prime factors of 85775.
5, 47, 73
List the prime factors of 14331.
3, 17, 281
List the prime factors of 25865.
5, 7, 739
What are the prime factors of 2229?
3, 743
List the prime factors of 2107.
7, 43
What are the prime factors of 3136?
2, 7
What are the prime factors of 4703?
4703
List the prime factors of 695.
5, 139
What are the prime factors of 1689?
3, 563
List the prime factors of 14485.
5, 2897
What are the prime factors of 1526?
2, 7, 109
List the prime factors of 32218.
2, 89, 181
List the prime factors of 3832.
2, 479
What are the prime factors of 9192?
2, 3, 383
What are the prime factors of 3910?
2, 5, 17, 23
List the prime factors of 103471.
103471
List the prime factors of 585.
3, 5, 13
What are the prime factors of 8927?
79, 113
List the prime factors of 66251.
97, 683
What are the prime factors of 1030?
2, 5, 103
What are the prime factors of 391?
17, 23
List the prime factors of 4605.
3, 5, 307
List the prime factors of 4098.
2, 3, 683
List the prime factors of 26048.
2, 11, 37
List the prime factors of 979.
11, 89
List the prime factors of 71788.
2, 131, 137
List the prime factors of 15154.
2, 7577
List the prime factors of 2837.
2837
What are the prime factors of 65155?
5, 83, 157
What are the prime factors of 21794?
2, 17, 641
What are the prime factors of 11020?
2, 5, 19, 29
What are the prime factors of 38113?
38113
What are the prime factors of 30718?
2, 15359
What are the prime factors of 16134?
2, 3, 2689
List the prime factors of 1769.
29, 61
What are the prime factors of 4831?
4831
List the prime factors of 91366.
2, 11, 4153
What are the prime factors of 3841?
23, 167
What are the prime factors of 7943?
13, 47
What are the prime factors of 7704?
2, 3, 107
List the prime factors of 3748.
2, 937
List the prime factors of 69426.
2, 3, 7, 19, 29
What are the prime factors of 526?
2, 263
What are the prime factors of 2402?
2, 1201
What are the prime factors of 1050?
2, 3, 5, 7
List the prime factors of 2940.
2, 3, 5, 7
List the prime factors of 20145.
3, 5, 17, 79
List the prime factors of 7841.
7841
List the prime factors of 6779.
6779
List the prime factors of 756.
2, 3, 7
List the prime factors of 6503.
7, 929
What are the prime factors of 60695?
5, 61, 199
List the prime factors of 9822.
2, 3, 1637
List the prime factors of 470.
2, 5, 47
What are the prime factors of 1444?
2, 19
List the prime factors of 135011.
79, 1709
What are the prime factors of 525?
3, 5, 7
What are the prime factors of 36569?
13, 29, 97
List the prime factors of 120554.
2, 7, 79, 109
List the prime factors of 1169.
7, 167
List the prime factors of 2382.
2, 3, 397
What are the prime factors of 4845?
3, 5, 17, 19
List the prime factors of 15594.
2, 3, 23, 113
What are the prime factors of 3631?
3631
What are the prime factors of 43066?
2, 61, 353
What are the prime factors of 1341?
3, 149
List the prime factors of 1223.
1223
What are the prime factors of 2501?
41, 61
List the prime factors of 3692.
2, 13, 71
List the prime factors of 3584.
2, 7
What are the prime factors of 3184?
2, 199
What are the prime factors of 110041?
17, 6473
List the prime factors of 5393.
5393
List the prime factors of 6607.
6607
What are the prime factors of 10792?
2, 19, 71
List the prime factors of 738.
2, 3, 41
What are the prime factors of 33316?
2, 8329
List the prime factors of 8058.
2, 3, 17, 79
What are the prime factors of 83658?
2, 3, 73, 191
List the prime factors of 986.
2, 17, 29
List the prime factors of 55843.
55843
What are the prime factors of 30241?
30241
List the prime factors of 1199.
11, 109
What are the prime factors of 33278?
2, 7, 2377
What are the prime factors of 28940?
2, 5, 1447
What are the prime factors of 25802?
2, 7, 19, 97
What are the prime factors of 4075?
5, 163
What are the prime factors of 715?
5, 11, 13
List the prime factors of 18041.
18041
List the prime factors of 604.
2, 151
List the prime factors of 4893.
3, 7, 233
L